 11074337 a composite number?
True
Is 4214843 prime?
False
Is 5589881 composite?
True
Is 142301971 a composite number?
True
Is 4077547 a prime number?
True
Is 12979 a prime number?
True
Is 1227769 composite?
False
Is 12288457 a prime number?
True
Is 40653805 a prime number?
False
Is 7707733 a prime number?
False
Is 19981933 composite?
False
Is 30825611 composite?
False
Is 3712461 a composite number?
True
Is 10310297 prime?
True
Is 2308066 a prime number?
False
Is 17803 a composite number?
True
Is 4734383 a prime number?
True
Is 4089677 composite?
False
Is 199237393 a composite number?
False
Is 285871 prime?
True
Is 4388999 prime?
False
Is 53053031 a prime number?
True
Is 259970617 prime?
True
Is 1882873 a prime number?
False
Is 211809597 composite?
True
Is 76849769 prime?
True
Is 15126373 prime?
True
Is 6206653 composite?
False
Is 47285507 composite?
False
Is 1056269 a composite number?
False
Is 544764289 prime?
True
Is 115317413 a composite number?
False
Is 4630085 a composite number?
True
Is 33938441 composite?
True
Is 4120339 prime?
False
Is 359702137 prime?
True
Is 55596169 prime?
False
Is 30151757 a prime number?
False
Is 88642019 prime?
True
Is 341893723 prime?
True
Is 46609 prime?
False
Is 12110767 composite?
True
Is 53008205 a prime number?
False
Is 374711377 a composite number?
True
Is 478067559 prime?
False
Is 141069917 prime?
True
Is 20585417 prime?
False
Is 2672239 prime?
False
Is 37192091 prime?
False
Is 233731859 composite?
False
Is 283141 a prime number?
False
Is 55145681 composite?
False
Is 38010683 a composite number?
False
Is 5282331 a composite number?
True
Is 27534167 composite?
False
Is 19076309 a composite number?
True
Is 5416459 a prime number?
True
Is 812567271 a prime number?
False
Is 5202619 a prime number?
True
Is 73980087 prime?
False
Is 4585877 a composite number?
False
Is 69050677 prime?
True
Is 92603801 a composite number?
True
Is 33856463 prime?
True
Is 626252371 composite?
True
Is 5519897 a prime number?
False
Is 56549323 a prime number?
True
Is 10231219 a composite number?
True
Is 4305299 a composite number?
True
Is 31447529 prime?
True
Is 284097553 composite?
False
Is 1208777 a composite number?
False
Is 9097453 a prime number?
True
Is 7260119 composite?
False
Is 747113 composite?
False
Is 42641171 a prime number?
True
Is 17007959 a prime number?
False
Is 8324341 composite?
True
Is 167192561 a prime number?
True
Is 30277319 a composite number?
True
Is 574979 a composite number?
True
Is 277612133 a prime number?
True
Is 281739613 a prime number?
True
Is 545845769 a prime number?
False
Is 5897917 prime?
True
Is 43637437 a prime number?
False
Is 7541687 prime?
False
Is 1004959 composite?
True
Is 263226449 composite?
True
Is 77502749 a composite number?
False
Is 835559 composite?
False
Is 528053 a composite number?
False
Is 794808341 composite?
False
Is 33795793 composite?
False
Is 17604721 a composite number?
False
Is 14480839 a prime number?
False
Is 7039913 a prime number?
True
Is 12726299 a prime number?
True
Is 1116347 a composite number?
False
Is 81409291 a composite number?
False
Is 912103 a prime number?
True
Is 46806983 a prime number?
True
Is 68335451 composite?
True
Is 849971 prime?
False
Is 15238843 a prime number?
True
Is 292661 a composite number?
False
Is 87647891 composite?
True
Is 1664651 prime?
True
Is 6127351 a composite number?
True
Is 6190033 prime?
True
Is 538589 a prime number?
True
Is 12933671 composite?
False
Is 185386 prime?
False
Is 6082691 prime?
True
Is 79040647 prime?
False
Is 1593811 a prime number?
False
Is 1598395 composite?
True
Is 3836489 composite?
False
Is 142783891 composite?
False
Is 75275197 prime?
True
Is 2593957 a composite number?
False
Is 10719227 a prime number?
True
Is 185519107 a composite number?
False
Is 322363 a composite number?
True
Is 17573645 prime?
False
Is 7147181 a prime number?
False
Is 70277 prime?
False
Is 20811911 a composite number?
False
Is 1654069 composite?
True
Is 728111 a prime number?
False
Is 4688339 composite?
False
Is 464707 a prime number?
False
Is 30459841 composite?
False
Is 9012449 prime?
True
Is 40528307 composite?
False
Is 7350027 a prime number?
False
Is 3248629 a prime number?
False
Is 2636031 a prime number?
False
Is 1293186655 a prime number?
False
Is 3660665 prime?
False
Is 21082519 a prime number?
False
Is 30474203 a prime number?
False
Is 27334493 prime?
False
Is 1828051 a prime number?
True
Is 6724169 a composite number?
False
Is 21396127 a composite number?
True
Is 737717 prime?
True
Is 7045669 a composite number?
False
Is 178180063 composite?
False
Is 3419131 a composite number?
False
Is 2814286 a composite number?
True
Is 10585609 a composite number?
True
Is 17806219 composite?
False
Is 291122159 a prime number?
True
Is 8877241 a prime number?
False
Is 593305201 composite?
True
Is 245023 a prime number?
True
Is 3345659 a prime number?
True
Is 2825531 a composite number?
True
Is 49687591 composite?
False
Is 875759 composite?
False
Is 36016553 composite?
False
Is 19372397 composite?
True
Is 743783 a prime number?
False
Is 33388211 a composite number?
False
Is 1471397 composite?
False
Is 1466243 prime?
True
Is 517748057 a composite number?
False
Is 1654787 composite?
False
Is 82502653 prime?
True
Is 6555223 composite?
False
Is 513593 prime?
True
Is 1570837 a composite number?
False
Is 10519513 composite?
False
Is 14346209 a prime number?
True
Is 253851863 a composite number?
False
Is 98349479 prime?
False
Is 4389253 a prime number?
False
Is 1330691 composite?
False
Is 1290715 prime?
False
Is 129471241 a prime number?
True
Is 909019 a prime number?
True
Is 61332809 a composite number?
True
Is 7013723 a prime number?
True
Is 71128589 prime?
False
Is 8209483 a prime number?
True
Is 93082271 composite?
False
Is 9935437 a prime number?
True
Is 78307657 composite?
True
Is 242132051 a composite number?
True
Is 67704151 composite?
True
Is 5581171 prime?
True
Is 79042699 a prime number?
True
Is 2059477 prime?
False
Is 8764387 a prime number?
True
Is 4110739 a composite number?
True
Is 176291 a prime number?
False
Is 154234247 composite?
False
Is 1046733551 a composite number?
False
Is 4768583 a prime number?
True
Is 844351 a composite number?
False
Is 36959071 composite?
True
Is 1606207 composite?
True
Is 19081409 prime?
True
Is 322067479 prime?
False
Is 14645231 a prime number?
True
Is 4109399 composite?
True
Is 404927 prime?
False
Is 82661027 prime?
True
Is 8765057 prime?
False
Is 29366801 prime?
True
Is 1191457 a prime number?
True
Is 114293071 composite?
False
Is 7753819 composite?
True
Is 2311466 a composite number?
True
Is 122495921 a prime number?
True
Is 230039143 a prime number?
True
Is 71001019 a prime number?
False
Is 9771101 a prime number?
False
Is 358343947 a prime number?
False
Is 163042043 a prime number?
False
Is 26888161 a prime number?
True
Is 3480737 a composite number?
True
Is 330097 a prime number?
True
Is 4363127 composite?
False
Is 13097849 a prime number?
False
Is 18110909 composite?
True
Is 34807391 prime?
False
Is 8074207 a prime number?
True
Is 364502807 prime?
True
Is 36017743 prime?
True
Is 24512797 a composite number?
True
Is 18704327 a prime number?
True
Is 50123653 composite?
True
Is 73771 composite?
False
Is 230239414 composite?
True
Is 85300081 composite?
False
Is 68793443 a composite number?
False
Is 86033093 a prime number?
True
Is 61297581 a prime number?
False
Is 24305369 a prime number?
False
Is 20296083 a prime number?
False
Is 2522809 a composite number?
False
Is 13312379 composite?
False
Is 8690531 a prime number?
True
Is 16483363 a composite number?
True
Is 119374949 composite?
False
Is 136896293 prime?
True
Is 17110297 composite?
True
Is 3468821 a composite number?
False
Is 11113 a composite number?
False
Is 536141 composite?
False
Is 201673 prime?
True
Is 128866 prime?
False
Is 16064639 a composite number?
False
Is 2828429 prime?
True
Is 16261567 prime?
False
Is 71292361 composite?
True
Is 685063 a composite number?
False
Is 216651631 a prime number?
False
Is 16905527 prime?
True
Is 1192901 a prime number?
False
Is 101815639 composite?
False
Is 52053799 a composite number?
True
Is 58617211 a composite number?
False
Is 14239963 composite?
True
Is 2341811 composite?
True
Is 1621567 prime?
F